 + -112?
-12
In base 5, what is 130214 - 2?
130212
In base 11, what is -53 + -83?
-126
In base 3, what is -210 - 21?
-1001
In base 5, what is -40 + 2?
-33
In base 11, what is -2a + -17?
-46
In base 9, what is -8 - -74?
65
In base 2, what is -100 - 1010110000?
-1010110100
In base 12, what is 0 - 6a1?
-6a1
In base 16, what is -fc - 5?
-101
In base 2, what is 101 - 100100?
-11111
In base 8, what is 1 + 141?
142
In base 10, what is 5 - -65?
70
In base 11, what is -5 - -615?
610
In base 11, what is -3 - 196?
-199
In base 15, what is b + -b4?
-a8
In base 14, what is 2 - 104?
-102
In base 15, what is 16 - -4?
1a
In base 4, what is 113323 - 1?
113322
In base 5, what is -3 - -1301?
1243
In base 4, what is -1212332 - 1?
-1212333
In base 16, what is -13c2 + 1?
-13c1
In base 9, what is -134 + 1?
-133
In base 5, what is 24343 + 10?
24403
In base 15, what is -1c + 4c?
30
In base 4, what is -3 + -131320?
-131323
In base 11, what is 3 - -603?
606
In base 10, what is -1 - -2?
1
In base 13, what is 1b1 - 3?
1ab
In base 13, what is 1b10 + -1?
1b0c
In base 16, what is 8 - bf?
-b7
In base 8, what is 113 - 0?
113
In base 11, what is -1444 + 0?
-1444
In base 9, what is 60 + -3?
56
In base 4, what is 113002 + 3?
113011
In base 7, what is -210 - -22?
-155
In base 15, what is 1b - -11?
2c
In base 11, what is -21 - -5?
-17
In base 11, what is -35a - -6?
-354
In base 9, what is 746 - -44?
801
In base 8, what is -117 + 2?
-115
In base 16, what is 4 + 7f3?
7f7
In base 6, what is -1205 + 52?
-1113
In base 2, what is -100101 - -10111001?
10010100
In base 3, what is -21 - -100?
2
In base 2, what is -101110 + -11010010?
-100000000
In base 8, what is 210 + -4?
204
In base 12, what is -a5 + -26?
-10b
In base 5, what is -10 - 1101?
-1111
In base 10, what is 0 + -39?
-39
In base 10, what is -29 - 5?
-34
In base 6, what is 1 - 53?
-52
In base 16, what is 2 + -33?
-31
In base 3, what is -2021 - 0?
-2021
In base 6, what is -4 + 30223?
30215
In base 7, what is -14 - 234?
-251
In base 14, what is 5 - 25?
-20
In base 9, what is -57 + 2?
-55
In base 8, what is -5 - -135?
130
In base 11, what is 35 - -13?
48
In base 13, what is 0 + 0?
0
In base 5, what is 2 - 120?
-113
In base 13, what is 5 + -c03?
-bcb
In base 12, what is -242 - 4?
-246
In base 6, what is -3 - 350?
-353
In base 9, what is -85 + 1?
-84
In base 6, what is 0 - -5323?
5323
In base 11, what is 60a - 4?
606
In base 4, what is -100020 + -12?
-100032
In base 7, what is -66104 + -3?
-66110
In base 9, what is -10 + -30?
-40
In base 2, what is -101 - 100101101?
-100110010
In base 16, what is 9 - 1248?
-123f
In base 8, what is -6 - -3425?
3417
In base 12, what is -59 - 6?
-63
In base 2, what is 1110110 - 0?
1110110
In base 2, what is 0 - -11101?
11101
In base 8, what is 122 - -11?
133
In base 8, what is -10624 - 4?
-10630
In base 10, what is 5 - -554?
559
In base 3, what is -20 - 1?
-21
In base 2, what is 100 - -1100001?
1100101
In base 12, what is 4 - 106?
-102
In base 6, what is 1222 - -32?
1254
In base 8, what is 6 + 3050?
3056
In base 6, what is 411 - -4?
415
In base 6, what is -1005 - 10?
-1015
In base 7, what is 146 - 102?
44
In base 15, what is -a3 - -11?
-92
In base 15, what is -1 + 1?
0
In base 7, what is 2526 - 3?
2523
In base 16, what is 69 - 8?
61
In base 4, what is -3 - -1?
-2
In base 15, what is -298 - 0?
-298
In base 4, what is -302 + -1?
-303
In base 9, what is 45 - 2?
43
In base 5, what is -12 + 4022?
4010
In base 12, what is -6 - -2?
-4
In base 7, what is 3 - 4152?
-4146
In base 8, what is -415 + 4?
-411
In base 7, what is -301 - 42?
-343
In base 10, what is 2047 - 2?
2045
In base 5, what is 11 - 20?
-4
In base 14, what is -5 - 11a?
-121
In base 14, what is -a38 + -5?
-a3d
In base 14, what is 31 + 223?
254
In base 16, what is -195a - 3?
-195d
In base 5, what is 4 - -31?
40
In base 7, what is -5 + 444?
436
In base 5, what is 4140 + 3?
4143
In base 12, what is 11b + 9?
128
In base 13, what is 15 - 5?
10
In base 8, what is 163663 - -1?
163664
In base 8, what is -1067 + -5?
-1074
In base 10, what is -2282 - -3?
-2279
In base 4, what is -122233 - 11?
-122310
In base 8, what is 2051 + 3?
2054
In base 4, what is -3031 + -2?
-3033
In base 12, what is 7b50 - 1?
7b4b
In base 5, what is -112 - -224?
112
In base 15, what is -58a4 - 0?
-58a4
In base 15, what is 9635 + 0?
9635
In base 8, what is -3 + 4634?
4631
In base 13, what is -4 - 3c?
-43
In base 3, what is -1 + -1112010?
-1112011
In base 15, what is -130 - -1?
-12e
In base 11, what is 21 + -8?
14
In base 8, what is 45 + 60?
125
In base 13, what is 1ba + 32?
21c
In base 4, what is 0 + 32122?
32122
In base 3, what is 1 - 1201?
-1200
In base 11, what is -23 - -13?
-10
In base 8, what is 254 - 0?
254
In base 12, what is -12 - 14?
-26
In base 6, what is 11412 + -2?
11410
In base 11, what is -62 - 6?
-68
In base 6, what is -3433 - 3?
-3440
In base 7, what is 33 - 5?
25
In base 9, what is -1 + 8532?
8531
In base 10, what is -2 + -14?
-16
In base 3, what is 101121 - -10?
101201
In base 16, what is -15 + 0?
-15
In base 16, what is 2 - 6c?
-6a
In base 14, what is -310 + 0?
-310
In base 11, what is -17 + -454?
-470
In base 8, what is -135 - -42?
-73
In base 10, what is 7 + 38?
45
In base 16, what is -7 + 7f?
78
In base 16, what is 4 - -a97?
a9b
In base 2, what is 110110010 - 1010?
110101000
In base 14, what is -3 + -462?
-465
In base 3, what is 201122 - 0?
201122
In base 13, what is 4 + -631?
-62a
In base 2, what is 110 + 11000?
11110
In base 16, what is -2ce - 5?
-2d3
In base 15, what is -4e3 + -4?
-4e7
In base 7, what is -1416 - -1?
-1415
In base 12, what is -5 - 24b?
-254
In base 12, what is -354 + 5?
-34b
In base 8, what is -20575 + -3?
-20600
In base 9, what is -2 + 3321?
3318
In base 4, what is -1 - -3203?
3202
In base 16, what is -14 + -3?
-17
In base 16, what is -b - -293?
288
In base 6, what is 55 + -414?
-315
In base 6, what is 1425 - 141?
1244
In base 16, what is 4 + -ac?
-a8
In base 14, what is 656 - 1?
655
In base 15, what is -4 + -ae3?
-ae7
In base 5, what is -3111 + -3?
-3114
In base 16, what is -12 - 36?
-48
In base 13, what is 303 + 1?
304
In base 5, what is 1100 - 2?
1043
In base 14, what is -42c + 3?
-429
In base 4, what is -210211 - -3?
-210202
In base 3, what is -10 - -1121?
1111
In base 16, what is -3 + -c2?
-c5
In base 4, what is 1 + -22?
-21
In base 6, what is -2 + -32221?
-32223
In base 3, what is -20 - -1220?
1200
In base 9, what is -1 + -107?
-108
In base 15, what is 3d + 69?
a7
In base 13, what is 100a + 2?
100c
In base 12, what is -5 + 22?
19
In base 16, what is 3d - 3?
3a
In base 9, what is 1 + -3148?
-3147
In base 3, what is 20100 + 2012?
22112
In base 7, what is -3 - -23164?
23161
In base 2, what is 1010000100101 - -1?
1010000100110
In base 11, what is 0 + 27?
27
In base 15, what is c9 - 3?
c6
In base 3, what is 100202 - 10?
100122
In base 3, what is 12 - -10112?
10201
In base 3, what is -10210 + -1200?
-12110
In base 6, what is 10 - 31?
-21
In base 4, what is -1222 + -303?
-2131
In base 9, what is -502 - 0?
-502
In base 16, what is -2 - 618?
-61a
In base 13, what is -3 + 195b?
1958
In base 14, what is a - -8?
14
In base 12, what is -7 - 54?
-5b
In base 7, what is -3 - 506?
-512
In base 7, what is 1 - 3505?
-3504
In base 5, what is -23 - -1321?
1243
In base 7, what is -2 + -205?
-210
In base 2, what is 111011 - 0?
111011
In base 3, what is 22100 - -12?
22112
In base 16, what is 3ca - 0?
3ca
In base 9, what is 22 - 31?
-8
In base 12, what is -2 + 275?
273
In base 5, what is 22002 - -14?
22021
In base 6, what is 3 - -135?
142
In base 9, what is 42 - -5?
47
In base 8, what is 36603 - 1?
36602
In base 5, what is -241 - 4?
-300
In base 14, what is -9b - 4?
-a1
In base 3, what is -1 - 1100?
-1101
In base 15, what is -9 + -26?
-30
In base 13, what is -32 + -26c?
-2a1
In base 3, what is 100 + -12?
11
In base 5, what is -112 + -200?
-312
In base 13, what is 3 + -cc4?
-cc1
In base 16, what is -1730 - 0?
-1730
In base 10, what is 37263 - 2?
37261
In base 2, what is 101011 + 1110011?
10011110
In base 2, what is 101000100011101 + 1?
101000100011110
In base 13, what is 12 - 6?
9
In base 2, what is -101111010 + -100?
-101111110
In base 4, what is 10 + -13232?
-13222
In base 10, what is -140 - 4?
-144
In base 12, what is 1748 - -4?
1750
In base 6, what is 31511 +